*2 - 4*n - 1/6*n**3. Calculate l(r).
0
Let s(a) = -a**2 - 17*a - 30. Let n(z) = z**2 - 37*z - 53. Let f be n(38). What is s(f)?
0
Suppose 0 = -6*o + 13 + 11. Let r be (-2)/o*0/(-2). Let h(i) = 9 + i + 0 + r*i - 3. Give h(-6).
0
Let d(j) = 2166*j**2 - 1081*j**2 - j + 15*j**3 - 1087*j**2. Give d(-1).
-16
Let i(z) = 6*z + 3 + 0*z - 2*z. Let n(j) = j**3 - 14*j**2 - 6*j + 77. Let q be n(14). Calculate i(q).
-25
Let v(m) be the first derivative of m**2 - m + 128. Give v(5).
9
Let l = 46 - 73. Let r be -3 - l/(-3)*3/(-9). Let y(h) be the first derivative of -h**3/3 + h**2/2 - 4*h - 3. Calculate y(r).
-4
Let r(k) be the first derivative of 7*k**3 - k**2 + k + 8. Let a be r(1). Let z = 20 - a. Let g(q) = q**2 - q + 1. Give g(z).
1
Let o = 165 + -231. Let m = o + 70. Let z(c) = 1 - 4*c + c**2 - 4 + 2*c. Calculate z(m).
5
Let s(k) be the third derivative of k**5/60 + 5*k**4/24 + k**3/3 - 2*k**2. Let x = 2 - -9. Let r = 9 - x. Give s(r).
-4
Let s(b) be the first derivative of -b**2 - 6*b - 4. Let y be (-147)/(-49) - 3*3. Determine s(y).
6
Let h(d) = 10*d - 17. Let x be h(2). Let q(a) = -6 - 2*a**2 + a**3 - 10 + 19. Calculate q(x).
12
Let p(s) = s**3 - 324*s + 5*s**2 + 317*s + 4*s**3 - 4*s**3 + 8. Let t = -11 + 5. Calculate p(t).
14
Let l = 7 + -5. Let p(f) = -27*f - 28. Let n(v) = -12*v - 13. Let a(t) = 13*n(t) - 6*p(t). Give a(l).
11
Let u(m) = -22*m - 10. Let z(c) = -32*c - 15. Let w(b) = -7*u(b) + 5*z(b). Determine w(-2).
7
Let t = 12 - 10. Let x(s) = -s**3 + 2*s**2 - s**t + 2 + 0*s**2 + 3*s**2 - 5*s. Let z(b) = -b - 4. Let m be z(-7). Give x(m).
-4
Let z(s) = -4*s - 4. Let b be z(2). Let a be 6 + (-2)/((-8)/b). Let d(t) be the second derivative of t**5/20 - t**4/3 + 3*t**2/2 + 2*t. Give d(a).
-6
Let v(w) = -w + 8 + 0 - 4*w**2 + 5*w**2. Let q be (24/3 - 5) + (-3)/1. Give v(q).
8
Let h be -2 - (-3 + (-2)/2). Let g(b) = -3*b**h + 2*b - b**2 + b**2 - b**3. Suppose 15 = 10*q - 15*q. Calculate g(q).
-6
Let k = -8 - -4. Let g(m) = 21*m**2 + 6*m - 4. Let p(x) = 47*x**2 + 13*x - 9. Let h(z) = -9*g(z) + 4*p(z). Give h(k).
-8
Let f(d) = 8*d - 14. Let a be f(2). Let j(z) = 5*z**a - 4*z**2 + 8 - 1 + z + 2*z. Determine j(-6).
25
Let c(k) = -3*k**2 + 44*k - 15. Let w(y) = y**2 - 15*y + 5. Let r(d) = 3*c(d) + 8*w(d). Give r(9).
22
Let l(v) be the third derivative of -v**5/30 + v**4/24 - v**3/3 + 3*v**2 - 26. Calculate l(2).
-8
Let b(k) = 2*k - 64. Let q(j) = j - 32. Let w(s) = -4*b(s) + 7*q(s). Give w(20).
12
Suppose -8*h - 10 = 6. Let g(d) = 2*d**3 - 4*d - 3. Give g(h).
-11
Let t(a) = -3*a + 2*a + 257 - 257. What is t(-7)?
7
Let y(a) = -17 + 2*a**2 - 2*a**2 + 11 - 14 + 2*a**2. Give y(0).
-20
Let n(q) = 2*q**2 + q + 2. Let p(m) be the first derivative of m**2/2 - 26*m + 17. Let l be p(28). What is n(l)?
12
Let r(w) = w + 9. Let a = 936 + -941. Determine r(a).
4
Let a(u) = -2*u - 1. Let o(d) = -d**3 - 8*d**2 - 9*d - 13. Let r be o(-7). Calculate a(r).
-3
Let j(o) = o + 1. Let n(c) be the second derivative of c**2/2 - 15*c. Let u(p) = -j(p) + 2*n(p). What is u(6)?
-5
Let s(y) = y**3 + 8*y**2 + 2*y + 5. Let l = 1295 + -1299. Calculate s(l).
61
Suppose 2*w + 5 - 4 = d, 0 = w - 2*d + 2. Let z(a) = 1 - 4*a + a + w*a - 5*a. Give z(1).
-7
Let d(f) = -f**2 - 2*f - 1. Let l(v) = v**2 - 3*v - 2. Let b(z) = 3*z**2 - 6*z - 4. Let y(t) = -2*b(t) + 5*l(t). Let m be y(-3). Give d(m).
-1
Let r(b) = -b**3 - 10*b**2 + 14*b - 7. Let d(j) = j**2 - 2*j. Let c(a) = -6*d(a) - r(a). Determine c(-5).
-8
Let c(m) be the second derivative of 5/2*m**2 + 0 - 1/3*m**3 + 4*m. Suppose -p + 2*o = -5, 0 = -4*p + 3*o - 2*o + 20. Give c(p).
-5
Let h be (0 + -8)*(-162)/432. Let s(p) = -3*p - 5 - 1 + 4. Determine s(h).
-11
Let h(s) = -1918*s + 1915*s + 44 - 19. Determine h(7).
4
Let b(d) = d**3 + 10*d**2 - 12*d - 7. Let a(l) = -135*l**2 + 5*l + 1. Let w be a(-1). Let q = -150 - w. What is b(q)?
4
Let o(m) = m**2 - 4*m - 8. Let z be o(4). Let f be (-9 - z)/((-2)/(-10)). Let x(w) be the first derivative of -w**3/3 - 5*w**2/2 + 4*w - 3. Calculate x(f).
4
Let f(g) = -4*g + 1 + 2*g + 2. Let i = -7454 + 7448. What is f(i)?
15
Let d(n) = n**3 - 6*n**2 + n + 1. Let x(v) = -v**3 + 5*v**2 - v. Let g(y) = 2*d(y) + 3*x(y). What is g(3)?
-1
Let d(k) = 48*k**2 - 4 + 60*k**2 - 158*k**2 + 51*k**2. Let h = 5 + -8. Give d(h).
5
Suppose 0 = 3*w - 0*w + 3. Let b(x) be the second derivative of -7*x**4/6 + x**2/2 - 57*x. Determine b(w).
-13
Let b(z) = -z**2 - 4*z + 4. Let s(c) = 1 - c + 4*c**2 + 0 + 0*c**2 - 5*c**2. Let l(y) = b(y) - 5*s(y). What is l(1)?
4
Let v(j) = -16*j - 23*j + j**2 - 21*j + 8 + 50*j. Determine v(8).
-8
Suppose 3*t = 5*w, -5*w = -w + t. Let i(h) be the third derivative of w*h + 0 - 1/24*h**4 - 3*h**2 + h**3. Determine i(6).
0
Let w(h) be the second derivative of -h**4/12 - 2*h**3 + 8*h**2 - h + 8. Determine w(-12).
16
Let f(r) be the second derivative of -1/2*r**3 + 0 - 19*r + 0*r**2. Calculate f(6).
-18
Let b = 1037 + -1042. Let d(s) = s**2 + 5*s - 2. Determine d(b).
-2
Let w(p) = p + 4. Suppose 4 = -3*y - u, y = -y - 4*u + 14. Let s be y/(-12) + 33/12. Let v be (-4 - (s - 4))/1. What is w(v)?
1
Let j(x) be the first derivative of 2*x**2 - 5*x - 2267. Let u(h) = h**2 + 7*h + 5. Let v be u(-7). What is j(v)?
15
Suppose -5*j + p + 5 = 2, 3*j + 3*p = 9. Let i(c) = 23*c**3 - 2*c**2 + 3*c - 2. Determine i(j).
22
Let k(t) = -t**2 + 6*t - 4. Suppose 4*y + 12 = -b, 2*y = 3*b + 4*y + 6. Suppose b = -3*f + 4*f. Suppose 2*d - 7*d + 25 = f. Give k(d).
1
Let o be 13/(-39)*2 - 52/(-6). Let r(x) = x**2 - 14*x + 53. Give r(o).
5
Let b be ((-16)/(-24))/((-2)/9). Let l(i) = 0 + i + 3 - i**2 + 0*i**2. Calculate l(b).
-9
Let i = 20 + -20. Let w(c) = 2*c + i*c - 72 + 5*c**2 + 73. Calculate w(-1).
4
Let r(f) = -13*f**2 - 3 + 11*f**2 - 7 - 19*f**3 - 4*f + 9*f + 20*f**3. Calculate r(2).
0
Suppose -17 = -m + 4*g, 2*m - 4*g = -0*m + 18. Let z(f) = -9*f + 2. What is z(m)?
-7
Let t(u) = -11*u - 1. Suppose -24*y - 46 = -y. What is t(y)?
21
Suppose -2*h = 6*u - 5*u + 16, 52 = -5*u - 3*h. Let k(f) = -f**2 - 6*f + 8. Determine k(u).
-8
Let v be 1/(-3) - (-2)/32*6. Let r(i) be the third derivative of -v*i**4 + 0*i + 2*i**2 + 0 + 5/3*i**3. Calculate r(7).
3
Let x = 46 - 44. Let o be (-20)/(-6)*6/5. Let h(r) = -o*r + r - 3 + r + 2. Calculate h(x).
-5
Let b(x) be the second derivative of -x**4/12 + x**3/2 + 5*x**2/2 + 20*x. Let c(s) = s**2 + 7*s + 6. Let l be c(-5). Let k be l/(-1) + (0 - 0). Calculate b(k).
1
Let x(y) be the first derivative of -y**5/20 + y**4/3 + y**3 + 3*y**2 + 5*y + 12. Let w(h) be the first derivative of x(h). What is w(5)?
11
Let s be (228/1026)/(2/9). Let y(n) = 18*n**2 + 3*n - 2. Determine y(s).
19
Let u(w) = 4*w**2 - 38*w + 17. Let i(d) = -9*d**2 + 85*d - 36. Let p(x) = 3*i(x) + 7*u(x). Let m = -7 - -16. What is p(m)?
-7
Let p = -825 + 822. Let a(r) = -7*r - 5. Let l(d) = 3*d + 2. Let c(v) = 4*a(v) + 9*l(v). What is c(p)?
1
Let k(x) = -17*x**2 + 5*x + 5. Let z(m) = -19*m**2 + 6*m + 6. Let a(t) = 4*k(t) - 3*z(t). What is a(-1)?
-11
Let j(w) = -w. Let k(d) = -7. Let i(o) = -2*j(o) - k(o). Let h be i(-4). Let y(u) = 7*u**3 + 2*u**2 + 2*u + 1. Calculate y(h).
-6
Let z(j) = -j**3 + 3*j**2 - 2*j + 4. Suppose -17*l = -22*l - 150. Let h be ((-4)/(-10))/(12/l) - -5. Calculate z(h).
-20
Let q = -148 + 152. Let j(t) = -t**3 - 8*t**2 - 4*t + 3. Let g(d) = d**3 + 8*d**2 + 3*d - 3. Let b(i) = q*g(i) + 3*j(i). Determine b(-8).
-3
Let i(t) = t**3 + 15*t**2 + 2. Let u be i(-15). Let r(p) = -p**3 - p**2 + 2*p - 1. Give r(u).
-9
Let r(f) = -f**2 + 2*f + 5. Suppose -y - i = -20, 3*i + 33 = 2*y - 2. Suppose -4*p + d = -0*d - 23, -3*d - y = -2*p. What is r(p)?
-10
Let a(b) = 2*b - 2. Let i(f) = -4*f - 8. Let v be i(-5). Suppose -6*n = -4*n - v. Calculate a(n).
10
Let m(z) be the first derivative of -z**7/840 - z**4/24 + 14*z**3/3 - 38. Let y(x) be the third derivative of m(x). Calculate y(-2).
7
Let y be -1*(-6 - (-1 - 4)). Let l(i) = -i**3 + i - 1. Let x(w) = -3*w**3 - 2*w**2 + 2*w - 2. Let f(c) = y*x(c) - 2*l(c). Give f(-1).
-1
Let v be (-3)/(-4) + 50/8. Let l(t) be the second derivative of t**5/20 - 7*t**4/12 + t**2/2 - 8*t. What is l(v)?
1
Let c(i) = i**3 + 3*i**2 - 2*i - 3. Suppose h = -4*w - 12, -72*w + 5*h - 24 = -71*w. Determine c(w).
-11
Suppose -3*a + 99 = 93. Let c(p) = 5*p**3 + 2*p**2 + 2. Calculate c(a).
50
Let m(q) =